{"id":200,"date":"2021-03-25T00:01:23","date_gmt":"2021-03-24T23:01:23","guid":{"rendered":"https:\/\/www.leigneux.fr\/?page_id=200"},"modified":"2025-11-20T14:01:50","modified_gmt":"2025-11-20T13:01:50","slug":"lhistoire-des-chanoinesses","status":"publish","type":"page","link":"https:\/\/www.leigneux.fr\/index.php\/lhistoire-des-chanoinesses\/","title":{"rendered":"Articles"},"content":{"rendered":"<div id=\"pl-gb200-69f1ef4fd88c2\"  class=\"panel-layout\" ><div id=\"pg-gb200-69f1ef4fd88c2-0\"  class=\"panel-grid panel-no-style\" ><div id=\"pgc-gb200-69f1ef4fd88c2-0-0\"  class=\"panel-grid-cell\" ><div id=\"panel-gb200-69f1ef4fd88c2-0-0-0\" class=\"so-panel widget widget_siteorigin-panels-builder panel-first-child\" data-index=\"0\" ><div id=\"pl-w691f112999ccc\"  class=\"panel-layout\" ><div id=\"pg-w691f112999ccc-0\"  class=\"panel-grid panel-no-style\" ><div id=\"pgc-w691f112999ccc-0-0\"  class=\"panel-grid-cell\" ><div id=\"panel-w691f112999ccc-0-0-0\" class=\"so-panel widget widget_sow-image panel-first-child panel-last-child\" data-index=\"0\" ><div\n\t\t\t\n\t\t\tclass=\"so-widget-sow-image so-widget-sow-image-default-8b5b6f678277\"\n\t\t\t\n\t\t>\n<div class=\"sow-image-container\">\n\t\t<img \n\tsrc=\"https:\/\/www.leigneux.fr\/wp-content\/uploads\/2021\/03\/GDPAH_vue-aerienne-place-du-chapitre.jpg\" width=\"401\" height=\"402\" srcset=\"https:\/\/www.leigneux.fr\/wp-content\/uploads\/2021\/03\/GDPAH_vue-aerienne-place-du-chapitre.jpg 401w, https:\/\/www.leigneux.fr\/wp-content\/uploads\/2021\/03\/GDPAH_vue-aerienne-place-du-chapitre-300x300.jpg 300w, https:\/\/www.leigneux.fr\/wp-content\/uploads\/2021\/03\/GDPAH_vue-aerienne-place-du-chapitre-150x150.jpg 150w, https:\/\/www.leigneux.fr\/wp-content\/uploads\/2021\/03\/GDPAH_vue-aerienne-place-du-chapitre-100x100.jpg 100w\" sizes=\"(max-width: 401px) 100vw, 401px\" title=\"GDPAH_vue aerienne place du chapitre\" alt=\"\" \t\tclass=\"so-widget-image\"\/>\n\t<\/div>\n\n<\/div><\/div><\/div><\/div><div id=\"pg-w691f112999ccc-1\"  class=\"panel-grid panel-no-style\" ><div id=\"pgc-w691f112999ccc-1-0\"  class=\"panel-grid-cell\" ><div id=\"panel-w691f112999ccc-1-0-0\" class=\"so-panel widget widget_sow-editor panel-first-child panel-last-child\" data-index=\"1\" ><div\n\t\t\t\n\t\t\tclass=\"so-widget-sow-editor so-widget-sow-editor-base\"\n\t\t\t\n\t\t><h3 class=\"widget-title\">Une histoire entre religion et vie mondaine<\/h3>\n<div class=\"siteorigin-widget-tinymce textwidget\">\n\t<p>L\u2019entr\u00e9e dans le coeur historique de <span style=\"font-family: brushtip_texe; font-size: 14pt;\">Leigneux<\/span> est imposante et savamment organis\u00e9e. Le Pont des Dames, construit en 1779, conduit par un chemin rectiligne le visiteur jusqu\u2019\u00e0 un passage couvert permettant d\u2019acc\u00e9der \u00e0 la place du Chapitre. Le village est atypique, en forme de clos d\u00e9limit\u00e9 par d\u2019\u00e9l\u00e9gantes maisons mitoyennes du 18e si\u00e8cle, et au centre duquel se trouve l\u2019\u00e9glise. La vie paisible qui s\u2019y d\u00e9roule entre mairie, \u00e9cole, logements particuliers, ferait presque oublier le caract\u00e8re exceptionnel de l\u2019institution qui a anim\u00e9 ce lieu sous les r\u00e8gnes des rois Louis XV et Louis XVI.<\/p>\n<p>&nbsp;<\/p>\n<p><img loading=\"lazy\" decoding=\"async\" class=\"size-medium wp-image-174 aligncenter\" src=\"https:\/\/www.leigneux.fr\/wp-content\/uploads\/2021\/03\/GDPAH_croix-des-chanoinesses-en-or-300x229.jpg\" alt=\"\" width=\"300\" height=\"229\" srcset=\"https:\/\/www.leigneux.fr\/wp-content\/uploads\/2021\/03\/GDPAH_croix-des-chanoinesses-en-or-300x229.jpg 300w, https:\/\/www.leigneux.fr\/wp-content\/uploads\/2021\/03\/GDPAH_croix-des-chanoinesses-en-or.jpg 709w\" sizes=\"auto, (max-width: 300px) 100vw, 300px\" \/><\/p>\n<\/div>\n<\/div><\/div><\/div><\/div><\/div><\/div><div id=\"panel-gb200-69f1ef4fd88c2-0-0-1\" class=\"so-panel widget widget_siteorigin-panels-builder panel-last-child\" data-index=\"1\" ><div id=\"pl-w691f112999fac\"  class=\"panel-layout\" ><div id=\"pg-w691f112999fac-0\"  class=\"panel-grid panel-no-style\" ><div id=\"pgc-w691f112999fac-0-0\"  class=\"panel-grid-cell\" ><div id=\"panel-w691f112999fac-0-0-0\" class=\"so-panel widget widget_sow-image panel-first-child panel-last-child\" data-index=\"0\" ><div\n\t\t\t\n\t\t\tclass=\"so-widget-sow-image so-widget-sow-image-default-8b5b6f678277\"\n\t\t\t\n\t\t>\n<div class=\"sow-image-container\">\n\t\t<img \n\tsrc=\"https:\/\/www.leigneux.fr\/wp-content\/uploads\/2021\/03\/GDPAH_pont-des-dames.jpg\" width=\"793\" height=\"399\" srcset=\"https:\/\/www.leigneux.fr\/wp-content\/uploads\/2021\/03\/GDPAH_pont-des-dames.jpg 793w, https:\/\/www.leigneux.fr\/wp-content\/uploads\/2021\/03\/GDPAH_pont-des-dames-300x151.jpg 300w, https:\/\/www.leigneux.fr\/wp-content\/uploads\/2021\/03\/GDPAH_pont-des-dames-768x386.jpg 768w\" sizes=\"(max-width: 767px) 89vw, (max-width: 1000px) 54vw, (max-width: 1071px) 543px, 580px\" title=\"GDPAH_pont des dames\" alt=\"\" \t\tclass=\"so-widget-image\"\/>\n\t<\/div>\n\n<\/div><\/div><\/div><\/div><div id=\"pg-w691f112999fac-1\"  class=\"panel-grid panel-no-style\" ><div id=\"pgc-w691f112999fac-1-0\"  class=\"panel-grid-cell\" ><div id=\"panel-w691f112999fac-1-0-0\" class=\"so-panel widget widget_sow-editor panel-first-child panel-last-child\" data-index=\"1\" ><div\n\t\t\t\n\t\t\tclass=\"so-widget-sow-editor so-widget-sow-editor-base\"\n\t\t\t\n\t\t><h3 class=\"widget-title\">Un premier couvent de femmes au Moyen \u00c2ge<\/h3>\n<div class=\"siteorigin-widget-tinymce textwidget\">\n\t<p>L\u2019historiographie traditionnelle pr\u00eate \u00e0 sainte Albane la fondation l\u00e9gendaire, vers 1050, d\u2019un couvent de femmes soumis \u00e0 la r\u00e8gle b\u00e9n\u00e9dictine imposant une vie clo\u00eetr\u00e9e, en retrait du monde et d\u00e9vou\u00e9e \u00e0 Dieu. Son tombeau visible sous le ma\u00eetre-autel de l\u2019\u00e9glise, ainsi qu\u2019une fontaine miraculeuse qui lui est attribu\u00e9e sur une placette baptis\u00e9e de son nom, entretiennent la l\u00e9gende. A cette \u00e9poque, les couvents de femmes dans le Forez \u00e9taient fort peu nombreux. Celui de <span style=\"font-family: brushtip_texe; font-size: 14pt;\">Leigneux<\/span> est install\u00e9 en retrait de tout village existant, sur une colline bois\u00e9e dont le lieu tire son nom. Peu de documents historiques renseignent sur cette p\u00e9riode. L\u2019\u00e9tablissement b\u00e9n\u00e9ficie des largesses des comtes de Forez. Du couvent roman, peu de vestiges, qui se r\u00e9sument \u00e0 quelques chapiteaux de l\u2019ancien clo\u00eetre jadis situ\u00e9 au nord de l\u2019\u00e9glise. Sans plus de pr\u00e9cisions, les religieuses semblent avoir adopt\u00e9 \u00e0 <span style=\"font-family: brushtip_texe; font-size: 14pt;\">Leigneux<\/span>, d\u00e8s le Moyen \u00e2ge, quelques particularit\u00e9s dont celle de vivre dans des maisons individuelles et non collectivement, ce qui a certainement pr\u00e9figur\u00e9 assez t\u00f4t le fonctionnement en chapitre.<\/p>\n<\/div>\n<\/div><\/div><\/div><\/div><\/div><\/div><\/div><\/div><\/div>\n\n\n<p><\/p>\n","protected":false},"excerpt":{"rendered":"","protected":false},"author":1,"featured_media":0,"parent":0,"menu_order":0,"comment_status":"closed","ping_status":"closed","template":"","meta":{"_acf_changed":false,"footnotes":""},"class_list":["post-200","page","type-page","status-publish","hentry"],"acf":[],"_links":{"self":[{"href":"https:\/\/www.leigneux.fr\/index.php\/wp-json\/wp\/v2\/pages\/200","targetHints":{"allow":["GET"]}}],"collection":[{"href":"https:\/\/www.leigneux.fr\/index.php\/wp-json\/wp\/v2\/pages"}],"about":[{"href":"https:\/\/www.leigneux.fr\/index.php\/wp-json\/wp\/v2\/types\/page"}],"author":[{"embeddable":true,"href":"https:\/\/www.leigneux.fr\/index.php\/wp-json\/wp\/v2\/users\/1"}],"replies":[{"embeddable":true,"href":"https:\/\/www.leigneux.fr\/index.php\/wp-json\/wp\/v2\/comments?post=200"}],"version-history":[{"count":12,"href":"https:\/\/www.leigneux.fr\/index.php\/wp-json\/wp\/v2\/pages\/200\/revisions"}],"predecessor-version":[{"id":601,"href":"https:\/\/www.leigneux.fr\/index.php\/wp-json\/wp\/v2\/pages\/200\/revisions\/601"}],"wp:attachment":[{"href":"https:\/\/www.leigneux.fr\/index.php\/wp-json\/wp\/v2\/media?parent=200"}],"curies":[{"name":"wp","href":"https:\/\/api.w.org\/{rel}","templated":true}]}}

<div id="pl-gb200-69f1ef4fd88c2"  class="panel-layout" ><div id="pg-gb200-69f1ef4fd88c2-0"  class="panel-grid panel-no-style" ><div id="pgc-gb200-69f1ef4fd88c2-0-0"  class="panel-grid-cell" ><div id="panel-gb200-69f1ef4fd88c2-0-0-0" class="so-panel widget widget_siteorigin-panels-builder panel-first-child" data-index="0" ><div id="pl-w691f112999ccc"  class="panel-layout" ><div id="pg-w691f112999ccc-0"  class="panel-grid panel-no-style" ><div id="pgc-w691f112999ccc-0-0"  class="panel-grid-cell" ><div id="panel-w691f112999ccc-0-0-0" class="so-panel widget widget_sow-image panel-first-child panel-last-child" data-index="0" ><div
			
			class="so-widget-sow-image so-widget-sow-image-default-8b5b6f678277"
			
		>
<div class="sow-image-container">
		<img 
	src="https://www.leigneux.fr/wp-content/uploads/2021/03/GDPAH_vue-aerienne-place-du-chapitre.jpg" width="401" height="402" srcset="https://www.leigneux.fr/wp-content/uploads/2021/03/GDPAH_vue-aerienne-place-du-chapitre.jpg 401w, https://www.leigneux.fr/wp-content/uploads/2021/03/GDPAH_vue-aerienne-place-du-chapitre-300x300.jpg 300w, https://www.leigneux.fr/wp-content/uploads/2021/03/GDPAH_vue-aerienne-place-du-chapitre-150x150.jpg 150w, https://www.leigneux.fr/wp-content/uploads/2021/03/GDPAH_vue-aerienne-place-du-chapitre-100x100.jpg 100w" sizes="(max-width: 401px) 100vw, 401px" title="GDPAH_vue aerienne place du chapitre" alt="" 		class="so-widget-image"/>
	</div>

</div></div></div></div><div id="pg-w691f112999ccc-1"  class="panel-grid panel-no-style" ><div id="pgc-w691f112999ccc-1-0"  class="panel-grid-cell" ><div id="panel-w691f112999ccc-1-0-0" class="so-panel widget widget_sow-editor panel-first-child panel-last-child" data-index="1" ><div
			
			class="so-widget-sow-editor so-widget-sow-editor-base"
			
		><h3 class="widget-title">Une histoire entre religion et vie mondaine</h3>
<div class="siteorigin-widget-tinymce textwidget">
	<p>L’entrée dans le coeur historique de <span style="font-family: brushtip_texe; font-size: 14pt;">Leigneux</span> est imposante et savamment organisée. Le Pont des Dames, construit en 1779, conduit par un chemin rectiligne le visiteur jusqu’à un passage couvert permettant d’accéder à la place du Chapitre. Le village est atypique, en forme de clos délimité par d’élégantes maisons mitoyennes du 18e siècle, et au centre duquel se trouve l’église. La vie paisible qui s’y déroule entre mairie, école, logements particuliers, ferait presque oublier le caractère exceptionnel de l’institution qui a animé ce lieu sous les règnes des rois Louis XV et Louis XVI.</p>
<p>&nbsp;</p>
<p><img loading="lazy" decoding="async" class="size-medium wp-image-174 aligncenter" src="https://www.leigneux.fr/wp-content/uploads/2021/03/GDPAH_croix-des-chanoinesses-en-or-300x229.jpg" alt="" width="300" height="229" srcset="https://www.leigneux.fr/wp-content/uploads/2021/03/GDPAH_croix-des-chanoinesses-en-or-300x229.jpg 300w, https://www.leigneux.fr/wp-content/uploads/2021/03/GDPAH_croix-des-chanoinesses-en-or.jpg 709w" sizes="auto, (max-width: 300px) 100vw, 300px" /></p>
</div>
</div></div></div></div></div></div><div id="panel-gb200-69f1ef4fd88c2-0-0-1" class="so-panel widget widget_siteorigin-panels-builder panel-last-child" data-index="1" ><div id="pl-w691f112999fac"  class="panel-layout" ><div id="pg-w691f112999fac-0"  class="panel-grid panel-no-style" ><div id="pgc-w691f112999fac-0-0"  class="panel-grid-cell" ><div id="panel-w691f112999fac-0-0-0" class="so-panel widget widget_sow-image panel-first-child panel-last-child" data-index="0" ><div
			
			class="so-widget-sow-image so-widget-sow-image-default-8b5b6f678277"
			
		>
<div class="sow-image-container">
		<img 
	src="https://www.leigneux.fr/wp-content/uploads/2021/03/GDPAH_pont-des-dames.jpg" width="793" height="399" srcset="https://www.leigneux.fr/wp-content/uploads/2021/03/GDPAH_pont-des-dames.jpg 793w, https://www.leigneux.fr/wp-content/uploads/2021/03/GDPAH_pont-des-dames-300x151.jpg 300w, https://www.leigneux.fr/wp-content/uploads/2021/03/GDPAH_pont-des-dames-768x386.jpg 768w" sizes="(max-width: 767px) 89vw, (max-width: 1000px) 54vw, (max-width: 1071px) 543px, 580px" title="GDPAH_pont des dames" alt="" 		class="so-widget-image"/>
	</div>

</div></div></div></div><div id="pg-w691f112999fac-1"  class="panel-grid panel-no-style" ><div id="pgc-w691f112999fac-1-0"  class="panel-grid-cell" ><div id="panel-w691f112999fac-1-0-0" class="so-panel widget widget_sow-editor panel-first-child panel-last-child" data-index="1" ><div
			
			class="so-widget-sow-editor so-widget-sow-editor-base"
			
		><h3 class="widget-title">Un premier couvent de femmes au Moyen Âge</h3>
<div class="siteorigin-widget-tinymce textwidget">
	<p>L’historiographie traditionnelle prête à sainte Albane la fondation légendaire, vers 1050, d’un couvent de femmes soumis à la règle bénédictine imposant une vie cloîtrée, en retrait du monde et dévouée à Dieu. Son tombeau visible sous le maître-autel de l’église, ainsi qu’une fontaine miraculeuse qui lui est attribuée sur une placette baptisée de son nom, entretiennent la légende. A cette époque, les couvents de femmes dans le Forez étaient fort peu nombreux. Celui de <span style="font-family: brushtip_texe; font-size: 14pt;">Leigneux</span> est installé en retrait de tout village existant, sur une colline boisée dont le lieu tire son nom. Peu de documents historiques renseignent sur cette période. L’établissement bénéficie des largesses des comtes de Forez. Du couvent roman, peu de vestiges, qui se résument à quelques chapiteaux de l’ancien cloître jadis situé au nord de l’église. Sans plus de précisions, les religieuses semblent avoir adopté à <span style="font-family: brushtip_texe; font-size: 14pt;">Leigneux</span>, dès le Moyen âge, quelques particularités dont celle de vivre dans des maisons individuelles et non collectivement, ce qui a certainement préfiguré assez tôt le fonctionnement en chapitre.</p>
</div>
</div></div></div></div></div></div></div></div></div>


<p></p>
